{"id":3,"date":"2021-12-02T15:23:17","date_gmt":"2021-12-02T14:23:17","guid":{"rendered":"http:\/\/traffic-monkeys.com\/WPTM\/?page_id=3"},"modified":"2021-12-06T17:28:37","modified_gmt":"2021-12-06T16:28:37","slug":"politique-de-confidentialite","status":"publish","type":"page","link":"https:\/\/traffic-monkeys.com\/index.php\/politique-de-confidentialite\/","title":{"rendered":"Privacy Policy"},"content":{"rendered":"<p>[et_pb_section fb_built=\u00a0\u00bb1&Prime; _builder_version=\u00a0\u00bb4.13.1&Prime; custom_padding=\u00a0\u00bb||112px|||\u00a0\u00bb bottom_divider_style=\u00a0\u00bbslant\u00a0\u00bb bottom_divider_color=\u00a0\u00bb#063856&Prime; hover_enabled=\u00a0\u00bb0&Prime; global_colors_info=\u00a0\u00bb{}\u00a0\u00bb use_background_color_gradient=\u00a0\u00bbon\u00a0\u00bb background_color_gradient_start=\u00a0\u00bb#fee3ca\u00a0\u00bb background_color_gradient_end=\u00a0\u00bb#e2f5ff\u00a0\u00bb background_color_gradient_direction=\u00a0\u00bb90deg\u00a0\u00bb sticky_enabled=\u00a0\u00bb0&Prime;][et_pb_row _builder_version=\u00a0\u00bb4.13.1&Prime; _module_preset=\u00a0\u00bbdefault\u00a0\u00bb global_colors_info=\u00a0\u00bb{}\u00a0\u00bb][et_pb_column type=\u00a0\u00bb4_4&Prime; _builder_version=\u00a0\u00bb4.13.1&Prime; _module_preset=\u00a0\u00bbdefault\u00a0\u00bb global_colors_info=\u00a0\u00bb{}\u00a0\u00bb][et_pb_text _builder_version=\u00a0\u00bb4.13.1&Prime; _module_preset=\u00a0\u00bbdefault\u00a0\u00bb header_text_align=\u00a0\u00bbcenter\u00a0\u00bb hover_enabled=\u00a0\u00bb0&Prime; global_colors_info=\u00a0\u00bb{}\u00a0\u00bb sticky_enabled=\u00a0\u00bb0&Prime; header_2_font_size=\u00a0\u00bb22px\u00a0\u00bb header_font=\u00a0\u00bb|600|||||||\u00a0\u00bb text_font=\u00a0\u00bbPoppins|300|||||||\u00a0\u00bb]<\/p>\n<div class=\"page\" title=\"Page 1\">\n<div class=\"section\">\n<div class=\"layoutArea\">\n<div class=\"column\">\n<h1><span>Cookies &amp; Privacy Policy<\/span><\/h1>\n<p><span><\/span><\/p>\n<p><span>TrafficMonkeys is delight that you have visited our website and are interested in our organization and services. We take the protection of your personal data and information serious and want you to feel secure while visiting our website and sharing your data. This privacy statement explains how we use the personal data and other information shared with and\/or collected by us. <\/span><\/p>\n<p><span>All personal data processed by us is handled in strict compliance with the European General Data Protection Regulation ((EU) 2016\/679) (\u2018GDPR\u2019). To make it shorter and easier for you to read our privacy statement we refer only to \u201cdata\u201d in the following text where we mean \u201cpersonal data\u201d as defined by the GDPR. <\/span><\/p>\n<h2><span>1. Regulator <\/span><\/h2>\n<p><span>Regulator of the processing of the data and operator of the TrafficMonkeys website is: <\/span><span>TrafficMonkeys SA, located at 45 quai de la Seine 75019 Paris. Registered with the Chamber of Commerce in Paris, France with the number: 902720473. <\/span><span>You can also contact our offices directly (<\/span><span>contact@traffic-monkeys.com<\/span><span>).<\/span><\/p>\n<h2><span>2. What data does TrafficMonkeys collect, for what purpose, on what legal basis and for how long?<\/span><\/h2>\n<p><span>Request for information or advice <\/span><span>When you wish to receive information or advice from us, you can send us an email with your request for information. <\/span><span>We ask you to provide the following data: your first name and surname, email address, phone number (optional), company name and website. <\/span><span>If you send us an email with your request for information, we process the data and information provided in your email. <\/span><span>We use this data and information only to contact you and provide you with the requested information or advice. The legal basis for processing of this data is Art. 6 (1)(b) GDPR. <\/span><span>We shall not retain the data any longer than is required for the purposes described or required under the applicable legislation. <\/span><\/p>\n<p><span>Server log-files <\/span><\/p>\n<p><span>This website collects a series of general information with each visit. This information is stored in so-called log-files of the server and can include e.g. the time and date when our website was accessed, the type of browser you are using, the domain name or your computer\u2019s IP address. <\/span><\/p>\n<\/div>\n<\/div>\n<\/div>\n<\/div>\n<div class=\"page\" title=\"Page 2\">\n<div class=\"section\">\n<div class=\"layoutArea\">\n<div class=\"column\">\n<p><span>The purpose of this processing is to make our website accessible from your device and to enable our website to be displayed correctly on your device or in your browser. The data is also used to optimize our website and to ensure the security of our systems (Art. 6 (1)(f) GDPR). An evaluation of this data for marketing purposes does not take place. <\/span><span>We shall not retain the data any longer than is required for the purposes described or required under the applicable legislation. <\/span><\/p>\n<p><span>Cookies <\/span><\/p>\n<p><span>On our website, we make use of cookies to tune our services to your needs and to better align structure, navigation and content of the website (Art. 6 (1)(a) GDPR). A cookie is information stored on your device by a website you visit. Some cookies are stored on your device for the duration of your internet session and some are stored for longer. You can find more detailed information in our \u2018Cookies\u2019 statement. <\/span><\/p>\n<h2><span>3. With who do we share the data? <\/span><\/h2>\n<p><span>We do not transfer data to any third party without your explicit permission, unless we are obliged to do so under applicable legislation or by order of the competent supervisory authority. <\/span><\/p>\n<p><span>Furthermore, we may employ other companies which process data solely on our behalf, for example to host this website. Such data processor is only entitled to process the data needed to perform its services and activities and in accordance with our written instructions. The processor guarantees that it has implemented appropriate technical and organizational measures in such a manner that its processing meets the requirements of this Privacy Policy and the GDPR and ensures the protection of the rights of all data subjects. The processing of data by a processor shall always be governed by a written data processing agreement between us and the processor. <\/span><\/p>\n<h2><span>4. Where is my data processed? <\/span><\/h2>\n<p><span>Your data is processed in France. <\/span><\/p>\n<p><span>If your data is transferred outside the EU, we make sure that we comply with the GDPR rules on international data transfers and will ask you for explicit consent before such data transfer takes places. Under \u2018contact\u2019 you can find out where our offices are located. If we use data processors outside the EU, we make sure that appropriate safeguards are in place. <\/span><\/p>\n<h2><span>5. Your rights with respect to your data <\/span><\/h2>\n<p><span>You have the right to obtain our confirmation as to whether or not we process your data, on request. You are entitled to send our customer service department (<\/span><span>contact@traffic-monkeys.com<\/span><span>) a request to receive such information (right of access). You are also entitled to send our customer service department (<\/span><span>contact@traffic-monkeys.com<\/span><span>) a request to rectify, erase or restrict your data as well as the right to data portability. We will process your request immediately and in accordance with the GDPR and we will send you a <\/span>response without undue delay, at least within one month after we receive your written request.<\/p>\n<\/div>\n<\/div>\n<\/div>\n<\/div>\n<div class=\"page\" title=\"Page 3\">\n<div class=\"section\">\n<div class=\"layoutArea\">\n<div class=\"column\">\n<p><span>Furthermore, you are entitled to object to the processing of your data based on Art. 6 (1)(f) GDPR at any time on grounds relating to your particular situation. We shall no longer process the data, unless we demonstrate compelling legitimate grounds for the processing which override your interests, rights and freedoms or for the establishment, exercise or defense of legal claims. We will send you a response without undue delay, at least within one month after we receive your written request. <\/span><\/p>\n<p><span>You can also withdraw your consent at any time (right to withdraw). <\/span><\/p>\n<p><span>If you have any complaints about our processing of your data or a request regarding your rights, you can contact our data protection officer (<\/span><span>contact@traffic-monkeys.com<\/span><span>). If we cannot solve your complaints, you can, of course, always contact the French supervisory authority or the court in France. <\/span><\/p>\n<h2><span>6. Lead generation and data <\/span><\/h2>\n<p><span>Please be informed that TrafficMonkeys is specialized in generating leads for its customers via Google, Facebook or other social media. If and insofar we process data (e.g. lead data) in the context of this lead generation activities, we are only a processor and our customer is the controller, as defined in the GDPR. Our processing of these data shall always be in accordance with the GDPR and based on an agreement between us and the controller. If you have any questions with respect to our lead generation activities and the data we process for our customers, please contact our customer service department (<\/span><span>contact@traffic-monkeys.com<\/span><span>). <\/span><\/p>\n<h2><span>7. Revisions of this statement <\/span><\/h2>\n<p><span>Please note that this statement might be revised, for example, due to revisions in the applicable legislation. The revised statement will be published on our website. We recommend checking our website and the Privacy Statement on a regular basis. The last revision was made in November 2020. <\/span><\/p>\n<h2><span>8. Contact <\/span><\/h2>\n<p><span>If you have any further questions or remarks, please contact our customer service department (<\/span><span>contact@traffic-monkeys.com<\/span><span>). <\/span><span>If you have any questions or remarks regarding data protection, please contact our data protection officer (<\/span><span>contact@traffic-monkeys.com<\/span><span>). <\/span><\/p>\n<p><span>TrafficMonkeys<br \/>45 quai de la Seine 75019 Paris <\/span><\/p>\n<\/div>\n<\/div>\n<\/div>\n<\/div>\n<p>[\/et_pb_text][\/et_pb_column][\/et_pb_row][\/et_pb_section]<\/p>\n","protected":false},"excerpt":{"rendered":"<p>Cookies &amp; Privacy Policy TrafficMonkeys is delight that you have visited our website and are interested in our organization and services. We take the protection of your personal data and information serious and want you to feel secure while visiting our website and sharing your data. This privacy statement explains how we use the personal [&hellip;]<\/p>\n","protected":false},"author":1,"featured_media":0,"parent":0,"menu_order":0,"comment_status":"closed","ping_status":"open","template":"","meta":{"_et_pb_use_builder":"on","_et_pb_old_content":"<!-- wp:heading -->\n<h2>Qui sommes-nous&nbsp;?<\/h2>\n<!-- \/wp:heading -->\n\n<!-- wp:paragraph -->\n<p>L\u2019adresse de notre site Web est&nbsp;: http:\/\/traffic-monkeys.com\/WPTM.<\/p>\n<!-- \/wp:paragraph -->\n\n<!-- wp:heading -->\n<h2>Utilisation des donn\u00e9es personnelles collect\u00e9es<\/h2>\n<!-- \/wp:heading -->\n\n<!-- wp:heading {\"level\":3} -->\n<h3>Commentaires<\/h3>\n<!-- \/wp:heading -->\n\n<!-- wp:paragraph -->\n<p>Quand vous laissez un commentaire sur notre site web, les donn\u00e9es inscrites dans le formulaire de commentaire, mais aussi votre adresse IP et l\u2019agent utilisateur de votre navigateur sont collect\u00e9s pour nous aider \u00e0 la d\u00e9tection des commentaires ind\u00e9sirables.<\/p>\n<!-- \/wp:paragraph -->\n\n<!-- wp:paragraph -->\n<p>Une cha\u00eene anonymis\u00e9e cr\u00e9\u00e9e \u00e0 partir de votre adresse de messagerie (\u00e9galement appel\u00e9e hash) peut \u00eatre envoy\u00e9e au service Gravatar pour v\u00e9rifier si vous utilisez ce dernier. Les clauses de confidentialit\u00e9 du service Gravatar sont disponibles ici&nbsp;: https:\/\/automattic.com\/privacy\/. Apr\u00e8s validation de votre commentaire, votre photo de profil sera visible publiquement \u00e0 cot\u00e9 de votre commentaire.<\/p>\n<!-- \/wp:paragraph -->\n\n<!-- wp:heading {\"level\":3} -->\n<h3>M\u00e9dias<\/h3>\n<!-- \/wp:heading -->\n\n<!-- wp:paragraph -->\n<p>Si vous \u00eates un utilisateur ou une utilisatrice enregistr\u00e9\u00b7e et que vous t\u00e9l\u00e9versez des images sur le site web, nous vous conseillons d\u2019\u00e9viter de t\u00e9l\u00e9verser des images contenant des donn\u00e9es EXIF de coordonn\u00e9es GPS. Les visiteurs de votre site web peuvent t\u00e9l\u00e9charger et extraire des donn\u00e9es de localisation depuis ces images.<\/p>\n<!-- \/wp:paragraph -->\n\n<!-- wp:heading {\"level\":3} -->\n<h3>Formulaires de contact<\/h3>\n<!-- \/wp:heading -->\n\n<!-- wp:heading {\"level\":3} -->\n<h3>Cookies<\/h3>\n<!-- \/wp:heading -->\n\n<!-- wp:paragraph -->\n<p>Si vous d\u00e9posez un commentaire sur notre site, il vous sera propos\u00e9 d\u2019enregistrer votre nom, adresse de messagerie et site web dans des cookies. C\u2019est uniquement pour votre confort afin de ne pas avoir \u00e0 saisir ces informations si vous d\u00e9posez un autre commentaire plus tard. Ces cookies expirent au bout d\u2019un an.<\/p>\n<!-- \/wp:paragraph -->\n\n<!-- wp:paragraph -->\n<p>Si vous vous rendez sur la page de connexion, un cookie temporaire sera cr\u00e9\u00e9 afin de d\u00e9terminer si votre navigateur accepte les cookies. Il ne contient pas de donn\u00e9es personnelles et sera supprim\u00e9 automatiquement \u00e0 la fermeture de votre navigateur.<\/p>\n<!-- \/wp:paragraph -->\n\n<!-- wp:paragraph -->\n<p>Lorsque vous vous connecterez, nous mettrons en place un certain nombre de cookies pour enregistrer vos informations de connexion et vos pr\u00e9f\u00e9rences d\u2019\u00e9cran. La dur\u00e9e de vie d\u2019un cookie de connexion est de deux jours, celle d\u2019un cookie d\u2019option d\u2019\u00e9cran est d\u2019un an. Si vous cochez \u00ab&nbsp;Se souvenir de moi&nbsp;\u00bb, votre cookie de connexion sera conserv\u00e9 pendant deux semaines. Si vous vous d\u00e9connectez de votre compte, le cookie de connexion sera effac\u00e9.<\/p>\n<!-- \/wp:paragraph -->\n\n<!-- wp:paragraph -->\n<p>En modifiant ou en publiant une publication, un cookie suppl\u00e9mentaire sera enregistr\u00e9 dans votre navigateur. Ce cookie ne comprend aucune donn\u00e9e personnelle. Il indique simplement l\u2019ID de la publication que vous venez de modifier. Il expire au bout d\u2019un jour.<\/p>\n<!-- \/wp:paragraph -->\n\n<!-- wp:heading {\"level\":3} -->\n<h3>Contenu embarqu\u00e9 depuis d\u2019autres sites<\/h3>\n<!-- \/wp:heading -->\n\n<!-- wp:paragraph -->\n<p>Les articles de ce site peuvent inclure des contenus int\u00e9gr\u00e9s (par exemple des vid\u00e9os, images, articles\u2026). Le contenu int\u00e9gr\u00e9 depuis d\u2019autres sites se comporte de la m\u00eame mani\u00e8re que si le visiteur se rendait sur cet autre site.<\/p>\n<!-- \/wp:paragraph -->\n\n<!-- wp:paragraph -->\n<p>Ces sites web pourraient collecter des donn\u00e9es sur vous, utiliser des cookies, embarquer des outils de suivis tiers, suivre vos interactions avec ces contenus embarqu\u00e9s si vous disposez d\u2019un compte connect\u00e9 sur leur site web.<\/p>\n<!-- \/wp:paragraph -->\n\n<!-- wp:heading {\"level\":3} -->\n<h3>Statistiques et mesures d\u2019audience<\/h3>\n<!-- \/wp:heading -->\n\n<!-- wp:heading -->\n<h2>Utilisation et transmission de vos donn\u00e9es personnelles<\/h2>\n<!-- \/wp:heading -->\n\n<!-- wp:heading -->\n<h2>Dur\u00e9es de stockage de vos donn\u00e9es<\/h2>\n<!-- \/wp:heading -->\n\n<!-- wp:paragraph -->\n<p>Si vous laissez un commentaire, le commentaire et ses m\u00e9tadonn\u00e9es sont conserv\u00e9s ind\u00e9finiment. Cela permet de reconna\u00eetre et approuver automatiquement les commentaires suivants au lieu de les laisser dans la file de mod\u00e9ration.<\/p>\n<!-- \/wp:paragraph -->\n\n<!-- wp:paragraph -->\n<p>Pour les utilisateurs et utilisatrices qui s\u2019inscrivent sur notre site (si cela est possible), nous stockons \u00e9galement les donn\u00e9es personnelles indiqu\u00e9es dans leur profil. Tous les utilisateurs et utilisatrices peuvent voir, modifier ou supprimer leurs informations personnelles \u00e0 tout moment (\u00e0 l\u2019exception de leur nom d\u2019utilisateur\u00b7ice). Les gestionnaires du site peuvent aussi voir et modifier ces informations.<\/p>\n<!-- \/wp:paragraph -->\n\n<!-- wp:heading -->\n<h2>Les droits que vous avez sur vos donn\u00e9es<\/h2>\n<!-- \/wp:heading -->\n\n<!-- wp:paragraph -->\n<p>Si vous avez un compte ou si vous avez laiss\u00e9 des commentaires sur le site, vous pouvez demander \u00e0 recevoir un fichier contenant toutes les donn\u00e9es personnelles que nous poss\u00e9dons \u00e0 votre sujet, incluant celles que vous nous avez fournies. Vous pouvez \u00e9galement demander la suppression des donn\u00e9es personnelles vous concernant. Cela ne prend pas en compte les donn\u00e9es stock\u00e9es \u00e0 des fins administratives, l\u00e9gales ou pour des raisons de s\u00e9curit\u00e9.<\/p>\n<!-- \/wp:paragraph -->\n\n<!-- wp:heading -->\n<h2>Transmission de vos donn\u00e9es personnelles<\/h2>\n<!-- \/wp:heading -->\n\n<!-- wp:paragraph -->\n<p>Les commentaires des visiteurs peuvent \u00eatre v\u00e9rifi\u00e9s \u00e0 l\u2019aide d\u2019un service automatis\u00e9 de d\u00e9tection des commentaires ind\u00e9sirables.<\/p>\n<!-- \/wp:paragraph -->\n\n<!-- wp:heading -->\n<h2>Informations de contact<\/h2>\n<!-- \/wp:heading -->\n\n<!-- wp:heading -->\n<h2>Informations suppl\u00e9mentaires<\/h2>\n<!-- \/wp:heading -->\n\n<!-- wp:heading {\"level\":3} -->\n<h3>Comment nous prot\u00e9geons vos donn\u00e9es<\/h3>\n<!-- \/wp:heading -->\n\n<!-- wp:heading {\"level\":3} -->\n<h3>Proc\u00e9dures mises en \u0153uvre en cas de fuite de donn\u00e9es<\/h3>\n<!-- \/wp:heading -->\n\n<!-- wp:heading {\"level\":3} -->\n<h3>Les services tiers qui nous transmettent des donn\u00e9es<\/h3>\n<!-- \/wp:heading -->\n\n<!-- wp:heading {\"level\":3} -->\n<h3>Op\u00e9rations de marketing automatis\u00e9 et\/ou de profilage r\u00e9alis\u00e9es \u00e0 l\u2019aide des donn\u00e9es personnelles<\/h3>\n<!-- \/wp:heading -->\n\n<!-- wp:heading {\"level\":3} -->\n<h3>Affichage des informations li\u00e9es aux secteurs soumis \u00e0 des r\u00e9gulations sp\u00e9cifiques<\/h3>\n<!-- \/wp:heading -->","_et_gb_content_width":""},"_links":{"self":[{"href":"https:\/\/traffic-monkeys.com\/index.php\/wp-json\/wp\/v2\/pages\/3"}],"collection":[{"href":"https:\/\/traffic-monkeys.com\/index.php\/wp-json\/wp\/v2\/pages"}],"about":[{"href":"https:\/\/traffic-monkeys.com\/index.php\/wp-json\/wp\/v2\/types\/page"}],"author":[{"embeddable":true,"href":"https:\/\/traffic-monkeys.com\/index.php\/wp-json\/wp\/v2\/users\/1"}],"replies":[{"embeddable":true,"href":"https:\/\/traffic-monkeys.com\/index.php\/wp-json\/wp\/v2\/comments?post=3"}],"version-history":[{"count":7,"href":"https:\/\/traffic-monkeys.com\/index.php\/wp-json\/wp\/v2\/pages\/3\/revisions"}],"predecessor-version":[{"id":404,"href":"https:\/\/traffic-monkeys.com\/index.php\/wp-json\/wp\/v2\/pages\/3\/revisions\/404"}],"wp:attachment":[{"href":"https:\/\/traffic-monkeys.com\/index.php\/wp-json\/wp\/v2\/media?parent=3"}],"curies":[{"name":"wp","href":"https:\/\/api.w.org\/{rel}","templated":true}]}}